2084.
2, 521
What are the prime factors of 3836?
2, 7, 137
List the prime factors of 7446.
2, 3, 17, 73
What are the prime factors of 125188?
2, 7, 17, 263
What are the prime factors of 1349?
19, 71
List the prime factors of 30.
2, 3, 5
List the prime factors of 7287.
3, 7, 347
What are the prime factors of 8999?
8999
What are the prime factors of 1073?
29, 37
What are the prime factors of 2125?
5, 17
List the prime factors of 1391.
13, 107
What are the prime factors of 2258?
2, 1129
What are the prime factors of 55816?
2, 6977
What are the prime factors of 529?
23
List the prime factors of 43.
43
What are the prime factors of 84401?
84401
List the prime factors of 1345.
5, 269
What are the prime factors of 25312?
2, 7, 113
What are the prime factors of 1919?
19, 101
What are the prime factors of 31306?
2, 11, 1423
List the prime factors of 734.
2, 367
List the prime factors of 3451.
7, 17, 29
What are the prime factors of 211?
211
List the prime factors of 16645.
5, 3329
What are the prime factors of 17054?
2, 8527
List the prime factors of 482.
2, 241
List the prime factors of 70197.
3, 23399
What are the prime factors of 94705?
5, 13, 31, 47
List the prime factors of 4104.
2, 3, 19
What are the prime factors of 218?
2, 109
What are the prime factors of 22048?
2, 13, 53
What are the prime factors of 10261?
31, 331
What are the prime factors of 6505?
5, 1301
What are the prime factors of 28572?
2, 3, 2381
List the prime factors of 4902.
2, 3, 19, 43
List the prime factors of 20746.
2, 11, 23, 41
What are the prime factors of 542?
2, 271
List the prime factors of 186.
2, 3, 31
List the prime factors of 2607.
3, 11, 79
What are the prime factors of 33815?
5, 6763
What are the prime factors of 42700?
2, 5, 7, 61
What are the prime factors of 865?
5, 173
List the prime factors of 3925.
5, 157
List the prime factors of 41586.
2, 3, 29, 239
List the prime factors of 405.
3, 5
What are the prime factors of 6540?
2, 3, 5, 109
List the prime factors of 50491.
7, 7213
List the prime factors of 6590.
2, 5, 659
What are the prime factors of 35431?
11, 3221
What are the prime factors of 4005?
3, 5, 89
List the prime factors of 3513.
3, 1171
What are the prime factors of 11942?
2, 7, 853
What are the prime factors of 445?
5, 89
What are the prime factors of 10489?
17, 617
What are the prime factors of 308?
2, 7, 11
What are the prime factors of 3715?
5, 743
What are the prime factors of 16040?
2, 5, 401
What are the prime factors of 1483?
1483
What are the prime factors of 2313?
3, 257
List the prime factors of 7846.
2, 3923
What are the prime factors of 6020?
2, 5, 7, 43
List the prime factors of 148.
2, 37
List the prime factors of 20369.
20369
What are the prime factors of 9173?
9173
What are the prime factors of 1644?
2, 3, 137
List the prime factors of 655.
5, 131
What are the prime factors of 773?
773
List the prime factors of 14208.
2, 3, 37
What are the prime factors of 659?
659
What are the prime factors of 135439?
17, 31, 257
What are the prime factors of 21354?
2, 3, 3559
List the prime factors of 271.
271
List the prime factors of 2725.
5, 109
List the prime factors of 49198.
2, 17, 1447
List the prime factors of 34596.
2, 3, 31
List the prime factors of 30513.
3, 7, 1453
What are the prime factors of 2735?
5, 547
List the prime factors of 13386.
2, 3, 23, 97
What are the prime factors of 99430?
2, 5, 61, 163
What are the prime factors of 30134?
2, 13, 19, 61
What are the prime factors of 26284?
2, 6571
List the prime factors of 2536.
2, 317
What are the prime factors of 374?
2, 11, 17
What are the prime factors of 2861?
2861
List the prime factors of 28274.
2, 67, 211
What are the prime factors of 228?
2, 3, 19
List the prime factors of 4745.
5, 13, 73
List the prime factors of 23676.
2, 3, 1973
List the prime factors of 18567.
3, 2063
List the prime factors of 1322.
2, 661
What are the prime factors of 1258?
2, 17, 37
What are the prime factors of 485?
5, 97
What are the prime factors of 14531?
11, 1321
List the prime factors of 13834.
2, 6917
What are the prime factors of 14066?
2, 13, 541
List the prime factors of 29605.
5, 31, 191
What are the prime factors of 1143?
3, 127
What are the prime factors of 3480?
2, 3, 5, 29
List the prime factors of 3697.
3697
What are the prime factors of 1102?
2, 19, 29
What are the prime factors of 2540?
2, 5, 127
What are the prime factors of 11888?
2, 743
List the prime factors of 6887.
71, 97
List the prime factors of 79113.
3, 26371
List the prime factors of 138315.
3, 5, 9221
What are the prime factors of 120113?
7, 17159
List the prime factors of 712.
2, 89
List the prime factors of 48484.
2, 17, 23, 31
What are the prime factors of 21098?
2, 7, 11, 137
List the prime factors of 399.
3, 7, 19
What are the prime factors of 1558?
2, 19, 41
What are the prime factors of 2619?
3, 97
What are the prime factors of 545?
5, 109
What are the prime factors of 9320?
2, 5, 233
List the prime factors of 35444.
2, 8861
What are the prime factors of 1531?
1531
What are the prime factors of 130244?
2, 32561
What are the prime factors of 12607?
7, 1801
What are the prime factors of 3854?
2, 41, 47
List the prime factors of 14191.
23, 617
What are the prime factors of 4267?
17, 251
What are the prime factors of 4237?
19, 223
What are the prime factors of 700?
2, 5, 7
List the prime factors of 44547.
3, 31, 479
What are the prime factors of 63833?
7, 11, 829
What are the prime factors of 5704?
2, 23, 31
List the prime factors of 12939.
3, 19, 227
What are the prime factors of 3141?
3, 349
List the prime factors of 12636.
2, 3, 13
List the prime factors of 4336.
2, 271
What are the prime factors of 2810?
2, 5, 281
List the prime factors of 2219.
7, 317
What are the prime factors of 6796?
2, 1699
List the prime factors of 4190.
2, 5, 419
What are the prime factors of 103414?
2, 29, 1783
What are the prime factors of 129614?
2, 229, 283
What are the prime factors of 3165?
3, 5, 211
List the prime factors of 4.
2
List the prime factors of 4092.
2, 3, 11, 31
What are the prime factors of 553?
7, 79
List the prime factors of 2554.
2, 1277
What are the prime factors of 15108?
2, 3, 1259
What are the prime factors of 20683?
13, 37, 43
What are the prime factors of 11?
11
List the prime factors of 5529.
3, 19, 97
What are the prime factors of 128870?
2, 5, 7, 263
What are the prime factors of 6612?
2, 3, 19, 29
List the prime factors of 10498.
2, 29, 181
What are the prime factors of 13995?
3, 5, 311
List the prime factors of 5307.
3, 29, 61
What are the prime factors of 36317?
23, 1579
List the prime factors of 5993.
13, 461
What are the prime factors of 8641?
8641
List the prime factors of 59176.
2, 13, 569
What are the prime factors of 4482?
2, 3, 83
List the prime factors of 5463.
3, 607
What are the prime factors of 14375?
5, 23
What are the prime factors of 144761?
19, 401
What are the prime factors of 1313?
13, 101
What are the prime factors of 9711?
3, 13, 83
What are the prime factors of 15940?
2, 5, 797
List the prime factors of 4266.
2, 3, 79
What are the prime factors of 32020?
2, 5, 1601
List the prime factors of 1898.
2, 13, 73
List the prime factors of 1491.
3, 7, 71
List the prime factors of 609.
3, 7, 29
List the prime factors of 8786.
2, 23, 191
What are the prime factors of 817?
19, 43
What are the prime factors of 61156?
2, 15289
What are the prime factors of 58075?
5, 23, 101
What are the prime factors of 27114?
2, 3, 4519
List the prime factors of 57829.
57829
What are the prime factors of 84519?
3, 9391
What are the prime factors of 6304?
2, 197
What are the prime factors of 16256?
2, 127
What are the prime factors of 8258?
2, 4129
List the prime factors of 41025.
3, 5, 547
List the prime factors of 128.
2
What are the prime factors of 24269?
7, 3467
List the prime factors of 4749.
3, 1583
What are the prime factors of 2799?
3, 311
What are the prime factors of 94919?
11, 8629
List the prime factors of 468.
2, 3, 13
What are the prime factors of 1735?
5, 347
What are the prime factors of 1546?
2, 773
What are the prime factors of 6036?
2, 3, 503
List the prime factors of 4456.
2, 557
List the prime factors of 590.
2, 5, 59
What are the prime factors of 9144?
2, 3, 127
List the prime factors of 599.
59